 prime factors of t?
5
Suppose 0*x - 2 = -x. Suppose n = 3*p - 4 - 2, 4*n = x*p + 6. What are the prime factors of p?
3
Let y(w) = w**3 + 5*w**2 - 2. List the prime factors of y(-3).
2
Suppose -h + 3*h = 170. Suppose 3*b - h = -16. What are the prime factors of b?
23
Suppose 6 = -2*v + v. Let p = v + 12. What are the prime factors of p?
2, 3
Let h = 62 + 207. What are the prime factors of h?
269
Suppose 0 = -4*m - 2 + 10. Suppose 0 = m*b - w - 8 + 4, -2*w = 0. Suppose -7*l + b*l + 103 = -y, 9 = -3*y. List the prime factors of l.
2, 5
Let l(y) = -y**3 + 7*y**2 + 7*y - 6. List the prime factors of l(6).
2, 3
Suppose 5*d + 21 = 91. List the prime factors of d.
2, 7
Let w(c) = c**2 + 5*c + 36. What are the prime factors of w(-10)?
2, 43
Suppose -2*z - 2*z + 472 = 4*b, -4*b = 5*z - 473. What are the prime factors of b?
3, 13
Let c be 0*(-2)/(-10) - (13 + -1). Let y(o) be the third derivative of o**6/120 + 11*o**5/60 - 13*o**4/24 - o**3/6 + o**2. What are the prime factors of y(c)?
11
What are the prime factors of 2/((-2)/10 + 186/870)?
5, 29
Let f be 2 + -10 + 3/(-3). Let o be (-18)/(2*3/f). Suppose -2*a + 0*p - 3*p = 3, -5*a + 4*p = -o. List the prime factors of a.
3
Let n(m) = m**2 + m - 2. Let l = -5 - -2. Let z be n(l). Suppose 0*q + q - z = 0. List the prime factors of q.
2
Let b(q) = -2*q - 9. Let j be b(-6). Suppose 5*m + j*c = 16, -c = 2*m - 4*c + 2. Suppose -n + 2*p = -1, -m*n = p - 9 - 18. What are the prime factors of n?
11
Let i = -4 + 6. Let o be i/(-5) + 76/(-10). List the prime factors of 4*-2*2/o.
2
Let i(s) = 33*s + 16. List the prime factors of i(7).
13, 19
Suppose 0 = -4*l - 3*z + 52, 0*l + 3*l - 10 = 5*z. Suppose 0 = g - l - 1. What are the prime factors of g?
11
Let f(i) = 2*i**2 + 7*i + 6. Let q be f(-5). Let l = -13 + q. What are the prime factors of l?
2
Let h = 26 - -46. List the prime factors of h.
2, 3
Let k = 257 - 171. List the prime factors of k.
2, 43
Let m(z) = 37*z**2 - 1. Let p be m(1). Let u(k) = -k**3 + 4*k**2 + k - 4. Let q be u(4). Suppose 3*f = -q*f + p. List the prime factors of f.
2, 3
Suppose u + 4 = -0*p + p, 0 = p + 5*u - 34. Let t be 0 + (-1)/((-2)/28). Let f = t - p. What are the prime factors of f?
5
Let v be 4/2*1 - -3. Let i(d) = d**3 + 2*d**2 - 4*d - 2. Let a be i(-3). Suppose 0 = v*t - 14 - a. What are the prime factors of t?
3
Let h(r) = -r**2 + 3*r + 4. Let v = 3 - 9. Let c be -1*v*3/6. List the prime factors of h(c).
2
Suppose 2*w = -2 + 10. Suppose 0 = -0*p + 3*p + 18. What are the prime factors of 6 + w/p*3?
2
Let t be -4 + 1 + -3 + 5. Let h = t + 9. Let s = -5 + h. List the prime factors of s.
3
Let k(l) = -l**3 - 5*l**2 + 27*l + 3. What are the prime factors of k(-10)?
233
Suppose 0 = 3*f - 5 - 10. Suppose f*y + 0*y = 100. What are the prime factors of y?
2, 5
Let o be (6/(-7))/((-1)/7). Suppose g = -0*g - h + o, -g + 22 = 5*h. Suppose -g*r = r - 18. What are the prime factors of r?
2, 3
Suppose -3*x + 148 = -197. What are the prime factors of x?
5, 23
Let l(u) = u - 3. What are the prime factors of l(6)?
3
What are the prime factors of 3 + -2 + -2 + 3?
2
Suppose -227 = -5*n + 2*a, 2*a = -4*n + 33 + 145. List the prime factors of n.
3, 5
Let b be (1/(-3))/((-2)/6). Let r(v) = -v**2 + 4*v + 6. Let c be r(5). What are the prime factors of (c/b)/(2/22)?
11
Suppose 2*k - 13 = 3. Suppose -16 = 4*o - k*o. What are the prime factors of o?
2
What are the prime factors of -1 - (0 + -53) - -3?
5, 11
Suppose -7*k + 5*c = -2*k - 225, 2*c = -5*k + 246. List the prime factors of k.
2, 3
Let d(c) = c**2 - 5*c - 1. Let o be d(8). Suppose m - 7 = a, 0 = -m - 3*a + 4 + o. List the prime factors of m.
2, 3
Suppose -28*u - 666 = -37*u. What are the prime factors of u?
2, 37
What are the prime factors of (-4 + 1)/(-3) + 3?
2
Suppose l - 2*l = -3*n - 215, -4*n + 1056 = 5*l. List the prime factors of l.
2, 53
Let z = 1053 - 645. What are the prime factors of z?
2, 3, 17
Let u(r) = 25*r**2 + r. List the prime factors of u(1).
2, 13
Suppose -t + 6*t - 25 = 0. List the prime factors of t.
5
Suppose i = -2*i - 5*h + 27, 0 = -2*i - 2*h + 14. Suppose 0*x - 17 = -i*n - 3*x, -n - x = -5. What are the prime factors of n?
2
Suppose -11*i - 2*i = -741. What are the prime factors of i?
3, 19
Suppose 0*a - 500 = -4*a. What are the prime factors of a?
5
Let n(y) = 21*y**2 - 2. What are the prime factors of n(-2)?
2, 41
Let n(g) = g + 13. Let y be 1/(-2) + (-78)/12. Let u be n(y). Suppose 4*v = 26 + u. What are the prime factors of v?
2
Let i = 1 + -1. Suppose 2*l + 0*y - 1 = -y, 3*l + 2*y + 1 = i. List the prime factors of l.
3
Let q = 5 + 15. List the prime factors of q.
2, 5
Suppose 3*k - b = -13 - 9, -3*k = 2*b + 10. Let d be 0/2 - (4 + -13). Let z = d + k. List the prime factors of z.
3
Let s(z) be the second derivative of -13*z**5/20 + z**3/3 + z**2/2 - 14*z. Suppose 5*c + 8 = 2*g, -g + 1 + 0 = -c. List the prime factors of s(g).
2, 3
Let u(r) = 6*r + 1. What are the prime factors of u(4)?
5
Suppose 2*t + 150 = 2*a, -3*t = 4*a - 5*t - 294. Suppose 3*v + a = 7*v. What are the prime factors of v?
2, 3
Let h = -35 + 56. List the prime factors of h.
3, 7
Suppose -3*q = 2*k - 2 + 1, -3*k = -4*q + 24. Suppose 9 = q*f + 3. What are the prime factors of f?
2
Let q(l) = l + 1. Let u be q(3). Suppose 0 = -u*c - 45 - 15. Let v = -2 - c. List the prime factors of v.
13
Let d = 12 + -7. Let r(u) = u**3 - 2*u**2 - 7*u. What are the prime factors of r(d)?
2, 5
Let u = 48 - 34. What are the prime factors of 150/u - 2/(-7)?
11
Let p be (-8 + -2)*13/(-2). Suppose 4*j - 53 = -t, 5*j + 0*j + t = p. What are the prime factors of j?
2, 3
Let t(r) = r + 8. Suppose 3*y + 12 = y. Let q be t(y). Suppose q*s - 3*s = -23. List the prime factors of s.
23
Let n = 13 + 96. List the prime factors of n.
109
Let l(g) = 3*g**2 - 2*g - 25. List the prime factors of l(8).
151
Suppose 2*p + p - 123 = 0. List the prime factors of p.
41
Let j be (6/(-5))/(9/(-30)). Suppose -n = -j - 0. Suppose 42 = 4*f + 2*h, -n*f + 46 - 7 = -h. What are the prime factors of f?
2, 5
Suppose 46 + 19 = 3*i - t, -3*i + 70 = -2*t. Suppose 7*y = 2*x + 2*y - i, x - y - 16 = 0. Suppose 7*q = 2*q + x. What are the prime factors of q?
2
Let v be (-4)/(-16) + 5/(-4). Let m(y) = 1 - 8*y**3 + y**3 + 2*y - 5*y**3. List the prime factors of m(v).
11
Suppose 5*a - 91 = 2*g - 5*g, 2*a - 28 = 3*g. List the prime factors of a.
17
Suppose -2*y = 3*y + 10. Let n be y/3 + (-58)/(-6). What are the prime factors of 52/9 + 2/n?
2, 3
Suppose 0*w - 2 = -4*h - 2*w, 4*h + 28 = 4*w. Let g be (-2)/(-1 + (-18)/(-16)). Let i = h - g. List the prime factors of i.
2, 7
Let r = 32 + -48. Let c = -9 - r. List the prime factors of c.
7
Suppose 0 = q - t - 8, -q = -2*q - 3*t - 4. What are the prime factors of q?
5
Let o be 5 + 0 + (-2)/2. Suppose -4*n + 60 = -5*s, n + 4*s + 46 = o*n. List the prime factors of n.
2, 5
Let i = 17 + -7. Let j = 12 + i. What are the prime factors of j?
2, 11
Suppose -2*r + 45 = -47. What are the prime factors of r?
2, 23
Let v = 39 + -20. Suppose 0 = -l - 5*f + 23, -4*f = l - 0*f - v. Suppose 25 = 2*q - 3*x - 11, -5*x = -l*q + 54. What are the prime factors of q?
2, 3
Let a = -5 - -30. Let g = a + 7. What are the prime factors of g?
2
Suppose -3*h = -3*g - 0*h - 3, 2*h = -5*g + 16. Suppose -2*q + 4 = 2*m, -q = -m + 4*m - g. Suppose 10 = q*t - t. What are the prime factors of t?
2, 5
Suppose -4*d = -188 - 4. List the prime factors of d.
2, 3
List the prime factors of 0 - (5/(5/(-142)) + 4).
2, 3, 23
Let k(o) = -13*o + 2. List the prime factors of k(-2).
2, 7
Suppose -8 = 2*a - 4*a. Let b = a - 11. What are the prime factors of (b - 0 - 0)/(-1)?
7
Let k be 58*1*7/(-14). What are the prime factors of k/2*2/(-1)?
29
Suppose -3*l + 4*r - 26 = 0, 4*r + 5 = -3*l - 29. Let c be l/(-4) + 1/(-2). Suppose 2*w - 16 = c*h, -4*w = -2*h - 32 - 4. What are the prime factors of w?
2, 5
What are the prime factors of (-6656)/(-68) - (-2)/(-68)*-4?
2, 7
Let k(h) = -2*h**2 + 5*h - 4. Let w(n) = -5*n**2 + 11*n - 8. Let o(d) = 9*k(d) - 4*w(d). List the prime factors of o(3).
17
Let i(s) = -s**2 + 15*s - 1. List the prime factors of i(7).
5, 11
Let j = 0 + 4. Suppose -5*r + j*r = -5. Suppose -2*l - 3*o + r*o = -24, -3 = -4*l - 5*o. What are the prime factors of l?
7
Let a = 46 + 10. What are the prime fac